{"id":3840,"date":"2022-08-18T12:46:18","date_gmt":"2022-08-18T15:46:18","guid":{"rendered":"https:\/\/institutosantacruz.edu.ar\/?page_id=3840"},"modified":"2026-04-13T16:13:20","modified_gmt":"2026-04-13T19:13:20","slug":"inscripciones-proyecto","status":"publish","type":"page","link":"https:\/\/institutosantacruz.edu.ar\/?page_id=3840","title":{"rendered":"Inscripciones Proyecto"},"content":{"rendered":"<p>[et_pb_section fb_built=\u00bb1&#8243; _builder_version=\u00bb4.18.0&#8243; _module_preset=\u00bbdefault\u00bb background_color=\u00bb#1c6634&#8243; width=\u00bb100%\u00bb max_width=\u00bb100%\u00bb overflow-x=\u00bbhidden\u00bb custom_padding=\u00bb0px||0px|||\u00bb global_colors_info=\u00bb{}\u00bb][et_pb_row column_structure=\u00bb1_3,1_3,1_3&#8243; admin_label=\u00bbFila\u00bb _builder_version=\u00bb4.27.4&#8243; _module_preset=\u00bbdefault\u00bb z_index=\u00bb9999999999&#8243; width=\u00bb100%\u00bb max_width=\u00bb100vw\u00bb global_colors_info=\u00bb{}\u00bb][et_pb_column type=\u00bb1_3&#8243; _builder_version=\u00bb4.27.4&#8243; _module_preset=\u00bbdefault\u00bb background_enable_color=\u00bboff\u00bb background_enable_image=\u00bboff\u00bb global_colors_info=\u00bb{}\u00bb][\/et_pb_column][et_pb_column type=\u00bb1_3&#8243; _builder_version=\u00bb4.18.0&#8243; _module_preset=\u00bbdefault\u00bb global_colors_info=\u00bb{}\u00bb][et_pb_text _builder_version=\u00bb4.27.4&#8243; _module_preset=\u00bbdefault\u00bb text_font=\u00bbMontserrat|700|||||||\u00bb text_text_color=\u00bb#FFFFFF\u00bb text_font_size=\u00bb3.5vw\u00bb text_line_height=\u00bb7.1vh\u00bb z_index=\u00bb9999999999&#8243; text_orientation=\u00bbcenter\u00bb global_colors_info=\u00bb{}\u00bb]<\/p>\n<p>Inscripciones 2027<\/p>\n<p>[\/et_pb_text][\/et_pb_column][et_pb_column type=\u00bb1_3&#8243; admin_label=\u00bbColumna\u00bb _builder_version=\u00bb4.18.0&#8243; _module_preset=\u00bbdefault\u00bb global_colors_info=\u00bb{}\u00bb][\/et_pb_column][\/et_pb_row][et_pb_row column_structure=\u00bb1_3,1_3,1_3&#8243; use_custom_gutter=\u00bbon\u00bb gutter_width=\u00bb1&#8243; make_equal=\u00bbon\u00bb admin_label=\u00bbFila\u00bb _builder_version=\u00bb4.27.6&#8243; _module_preset=\u00bbdefault\u00bb background_enable_image=\u00bboff\u00bb vertical_offset=\u00bb0px\u00bb width=\u00bb100%\u00bb max_width=\u00bb100%\u00bb module_alignment=\u00bbcenter\u00bb height=\u00bb70vh\u00bb overflow-x=\u00bbhidden\u00bb overflow-y=\u00bbhidden\u00bb custom_padding=\u00bb0px||0px|||\u00bb global_colors_info=\u00bb{}\u00bb custom_css_main_element__hover_enabled=\u00bboff|desktop\u00bb][et_pb_column type=\u00bb1_3&#8243; admin_label=\u00bbColumna\u00bb _builder_version=\u00bb4.27.4&#8243; _module_preset=\u00bbdefault\u00bb background_color=\u00bbrgba(0,0,0,0.5)\u00bb background_image=\u00bbhttps:\/\/institutosantacruz.edu.ar\/wp-content\/uploads\/2020\/07\/Promoviendo-acampada2.jpg\u00bb background_blend=\u00bbcolor\u00bb custom_css_main_element=\u00bbtransition: all 1s!important;\u00bb global_colors_info=\u00bb{}\u00bb custom_css_main_element__hover_enabled=\u00bbon|desktop\u00bb custom_css_main_element__hover=\u00bbtransform: scale(1.1);\u00bb][et_pb_text _builder_version=\u00bb4.27.6&#8243; _module_preset=\u00bbdefault\u00bb header_2_font=\u00bb|700|||||||\u00bb header_2_text_color=\u00bb#FFFFFF\u00bb header_2_letter_spacing=\u00bb3px\u00bb header_2_line_height=\u00bb1.2em\u00bb custom_margin=\u00bb40px||0px||false|false\u00bb custom_padding=\u00bb0px||0px||false|false\u00bb hover_enabled=\u00bb0&#8243; header_2_text_shadow_style=\u00bbpreset1&#8243; global_colors_info=\u00bb{}\u00bb sticky_enabled=\u00bb0&#8243;]<\/p>\n<h2 style=\"text-align: center;\">Nivel Inicial<\/h2>\n<p>[\/et_pb_text][et_pb_text admin_label=\u00bbTexto\u00bb _builder_version=\u00bb4.27.6&#8243; _module_preset=\u00bbdefault\u00bb text_text_color=\u00bb#FFFFFF\u00bb text_font_size=\u00bb0.9vw\u00bb text_line_height=\u00bb3.5vh\u00bb header_text_align=\u00bbcenter\u00bb header_font_size=\u00bb15px\u00bb header_4_text_color=\u00bb#E06100&#8243; header_4_font_size=\u00bb1.1vw\u00bb header_4_line_height=\u00bb1.6vh\u00bb background_color=\u00bbRGBA(255,255,255,0)\u00bb positioning=\u00bbabsolute\u00bb vertical_offset=\u00bb44vh\u00bb text_orientation=\u00bbcenter\u00bb width=\u00bb100%\u00bb custom_margin=\u00bb-140px||||false|false\u00bb custom_padding=\u00bb0px|||7vw|false|false\u00bb global_colors_info=\u00bb{}\u00bb custom_css_main_element__hover_enabled=\u00bboff|hover\u00bb]<\/p>\n<p style=\"text-align: left;\"><strong><span style=\"color: #ffffff; font-size: 15px;\">Solicitar informaci\u00f3n aclarando para que sala desea la inscripci\u00f3n, los correos para su consulta son:<\/span><\/strong><\/p>\n<p style=\"text-align: left;\"><a href=\"mailto:sec_inicial@institutosantacruz.edu.ar\">sec_inicial@institutosantacruz.edu.ar<\/a><strong><span style=\"color: #ffffff; font-size: 15px;\"><\/span><\/strong><\/p>\n<p style=\"text-align: left;\"><a href=\"mailto:nivel.inicial@institutosantacruz.edu.ar\">nivel.inicial@institutosantacruz.edu.ar<\/a><strong><\/strong><\/p>\n<h4 style=\"text-align: center;\"><\/h4>\n<p>&nbsp;<\/p>\n<p>[\/et_pb_text][\/et_pb_column][et_pb_column type=\u00bb1_3&#8243; admin_label=\u00bbColumna\u00bb _builder_version=\u00bb4.27.4&#8243; _module_preset=\u00bbdefault\u00bb background_color=\u00bbrgba(0,0,0,0.5)\u00bb background_image=\u00bbhttps:\/\/institutosantacruz.edu.ar\/wp-content\/uploads\/2020\/07\/GIMNASIA-3.jpg\u00bb background_blend=\u00bbcolor\u00bb custom_css_main_element=\u00bbtransition: all 1s!important;\u00bb global_colors_info=\u00bb{}\u00bb custom_css_main_element__hover_enabled=\u00bbon|hover\u00bb custom_css_main_element__hover=\u00bbtransform: scale(1.1);\u00bb][et_pb_text _builder_version=\u00bb4.27.6&#8243; _module_preset=\u00bbdefault\u00bb header_2_font=\u00bb|700|||||||\u00bb header_2_text_color=\u00bb#FFFFFF\u00bb header_2_letter_spacing=\u00bb3px\u00bb header_2_line_height=\u00bb1.2em\u00bb custom_margin=\u00bb40px||0px||false|false\u00bb custom_padding=\u00bb0px||0px||false|false\u00bb hover_enabled=\u00bb0&#8243; header_2_text_shadow_style=\u00bbpreset1&#8243; global_colors_info=\u00bb{}\u00bb sticky_enabled=\u00bb0&#8243;]<\/p>\n<h2 style=\"text-align: center;\">Nivel Primario<\/h2>\n<p>[\/et_pb_text][et_pb_text _builder_version=\u00bb4.27.6&#8243; _module_preset=\u00bbdefault\u00bb text_text_color=\u00bb#FFFFFF\u00bb text_font_size=\u00bb0.8vw\u00bb text_line_height=\u00bb3vh\u00bb header_text_color=\u00bb#FFFFFF\u00bb header_3_text_color=\u00bb#E09900&#8243; header_4_text_align=\u00bbcenter\u00bb header_4_text_color=\u00bb#e06100&#8243; header_4_font_size=\u00bb1vw\u00bb header_4_line_height=\u00bb1vh\u00bb header_5_font_size=\u00bb0.7vw\u00bb header_5_line_height=\u00bb1vh\u00bb positioning=\u00bbabsolute\u00bb vertical_offset=\u00bb43vh\u00bb width=\u00bb100%\u00bb custom_margin=\u00bb-140px||||false|false\u00bb custom_padding=\u00bb0px|||0.6vw|false|false\u00bb global_colors_info=\u00bb{}\u00bb]<\/p>\n<p style=\"text-align: left;\"><span style=\"font-size: medium;\"><b>Estimada familia:<\/b><\/span><\/p>\n<p style=\"text-align: left;\">Se encuentra abierta la solicitud de inscripci\u00f3n para alumnos externos. Los datos consignados en este formulario tienen car\u00e1cter de declaraci\u00f3n jurada y ser\u00e1n tratados de forma confidencial. Les solicitamos completar todos los campos.<br \/>A partir de mayo nos comunicaremos por mail seg\u00fan las vacantes disponibles.<br \/>Ante consultas: <a href=\"mailto:inscripcion.primaria@institutosantacruz.edu.ar\">inscripcion.primaria@institutosantacruz.edu.ar<\/a><\/p>\n<p style=\"text-align: left;\">\n<p style=\"text-align: left;\">\n<h3 style=\"text-align: center;\"><strong><a href=\"https:\/\/forms.gle\/zFuszfozXLAkoJxR8\" target=\"_blank\" rel=\"noopener\">Formulario de inscripci\u00f3n<\/a><\/strong><\/h3>\n<p>[\/et_pb_text][\/et_pb_column][et_pb_column type=\u00bb1_3&#8243; admin_label=\u00bbColumna\u00bb _builder_version=\u00bb4.27.4&#8243; _module_preset=\u00bbdefault\u00bb background_color=\u00bbrgba(0,0,0,0.5)\u00bb background_image=\u00bbhttps:\/\/institutosantacruz.edu.ar\/wp-content\/uploads\/2020\/07\/Valorando-02-scaled.jpg\u00bb background_blend=\u00bbcolor\u00bb custom_css_main_element=\u00bbtransition: all 1s!important;\u00bb global_colors_info=\u00bb{}\u00bb custom_css_main_element__hover_enabled=\u00bbon|hover\u00bb custom_css_main_element__hover=\u00bbtransform: scale(1.1);\u00bb][et_pb_text _builder_version=\u00bb4.27.6&#8243; _module_preset=\u00bbdefault\u00bb header_2_font=\u00bb|700|||||||\u00bb header_2_text_color=\u00bb#FFFFFF\u00bb header_2_letter_spacing=\u00bb3px\u00bb header_2_line_height=\u00bb1.2em\u00bb custom_margin=\u00bb40px||0px||false|false\u00bb custom_padding=\u00bb0px||0px||false|false\u00bb hover_enabled=\u00bb0&#8243; header_2_text_shadow_style=\u00bbpreset1&#8243; global_colors_info=\u00bb{}\u00bb sticky_enabled=\u00bb0&#8243;]<\/p>\n<h2 style=\"text-align: center;\">Nivel Medio<\/h2>\n<p>[\/et_pb_text][et_pb_text admin_label=\u00bbTexto\u00bb _builder_version=\u00bb4.27.6&#8243; _module_preset=\u00bbdefault\u00bb text_text_color=\u00bb#FFFFFF\u00bb text_font_size=\u00bb0.7vw\u00bb text_line_height=\u00bb3.4vh\u00bb header_text_color=\u00bb#FFFFFF\u00bb header_3_text_color=\u00bb#E09900&#8243; header_3_font_size=\u00bb24px\u00bb header_4_font=\u00bb|300|||||||\u00bb header_4_text_color=\u00bb#FFFFFF\u00bb header_4_font_size=\u00bb1vw\u00bb header_4_line_height=\u00bb1vh\u00bb header_5_text_color=\u00bb#FFFFFF\u00bb header_5_font_size=\u00bb0.7vw\u00bb header_5_line_height=\u00bb2vh\u00bb background_color=\u00bbRGBA(255,255,255,0)\u00bb positioning=\u00bbabsolute\u00bb vertical_offset=\u00bb32vh\u00bb width=\u00bb100%\u00bb custom_margin=\u00bb-140px||||false|false\u00bb custom_padding=\u00bb0vh|||1.5vw|false|false\u00bb global_colors_info=\u00bb{}\u00bb]<\/p>\n<h4 style=\"text-align: center;\"><strong>Aspirantes a ingresar al Primer A\u00f1o BILINGUE<\/strong><span><\/span><\/h4>\n<h4 style=\"text-align: center;\"><span>Complete el siguiente formulario.\u00a0<\/span><\/h4>\n<h3 style=\"text-align: center;\"><\/h3>\n<h3 style=\"text-align: center;\"><a href=\"https:\/\/docs.google.com\/forms\/d\/e\/1FAIpQLSdaOZS-OsFLxcUz8D6pgDeDDFjfX1vObv7WK7XIEc5XBlN4gg\/viewform\" target=\"_blank\" rel=\"noopener\">Formulario de inscripci\u00f3n<\/a><\/h3>\n<h4 style=\"text-align: center;\"><\/h4>\n<h4 style=\"text-align: center;\"><strong><\/strong><\/h4>\n<p><strong><\/strong><\/p>\n<p><strong><\/strong><\/p>\n<p><strong><\/strong><\/p>\n<p><strong><\/strong><\/p>\n<p>&nbsp;<\/p>\n<h4 style=\"text-align: center;\"><strong>Aspirantes a otros a\u00f1os del Nivel Secundario<\/strong><span><\/span><span><\/span><strong><\/strong><\/h4>\n<h4 style=\"text-align: center;\"><span>Complete el siguiente formulario.\u00a0<\/span><\/h4>\n<h3 style=\"text-align: center;\"><\/h3>\n<h3 style=\"text-align: center;\"><a href=\"https:\/\/forms.gle\/iMBWZ67d17r3i6Mz5\" target=\"_blank\" rel=\"noopener\">Formulario de inscripci\u00f3n<\/a><\/h3>\n<p style=\"text-align: center;\"><strong><\/strong><\/p>\n<p style=\"text-align: center;\"><strong><\/strong><\/p>\n<p style=\"text-align: center;\"><strong><a href=\"https:\/\/institutosantacruz.edu.ar\/wp-content\/uploads\/2020\/05\/MateriasPorPlanes.pdf\" title=\"Materias por plan\" target=\"_blank\" rel=\"noopener noreferrer\">Descargar materias por plan<\/a><\/strong><\/p>\n<p style=\"text-align: center;\"><strong><a href=\"https:\/\/institutosantacruz.edu.ar\/wp-content\/uploads\/2020\/05\/EstructuraNES.pdf\" title=\"Estructura de la NES\" target=\"_blank\" rel=\"noopener noreferrer\">Descargar estructura de la NES<\/a><\/strong><\/p>\n<p>[\/et_pb_text][\/et_pb_column][\/et_pb_row][et_pb_row column_structure=\u00bb1_4,1_4,1_4,1_4&#8243; use_custom_gutter=\u00bbon\u00bb gutter_width=\u00bb1&#8243; make_equal=\u00bbon\u00bb disabled_on=\u00bbon|on|off\u00bb _builder_version=\u00bb4.27.4&#8243; _module_preset=\u00bbdefault\u00bb background_color=\u00bb#000000&#8243; positioning=\u00bbnone\u00bb z_index=\u00bb9999999999&#8243; max_width=\u00bb100vw\u00bb custom_margin=\u00bb1vh||0px||false|true\u00bb custom_padding=\u00bb0px||0px||true|true\u00bb locked=\u00bboff\u00bb global_colors_info=\u00bb{}\u00bb][et_pb_column type=\u00bb1_4&#8243; admin_label=\u00bbColumna\u00bb _builder_version=\u00bb4.16&#8243; _module_preset=\u00bbdefault\u00bb background_color=\u00bb#F5C966&#8243; background_image=\u00bbhttps:\/\/institutosantacruz.edu.ar\/wp-content\/uploads\/2022\/08\/high-school_17.png\u00bb background_size=\u00bbinitial\u00bb background_position=\u00bbtop_right\u00bb background_repeat=\u00bbrepeat-y\u00bb custom_padding=\u00bb3vh||3vh|1vw|true|false\u00bb custom_padding_tablet=\u00bb40px||40px||true|false\u00bb custom_padding_phone=\u00bb30px|20px|30px|20px|true|true\u00bb custom_padding_last_edited=\u00bboff|desktop\u00bb global_colors_info=\u00bb{}\u00bb][et_pb_text _builder_version=\u00bb4.17.6&#8243; _module_preset=\u00bb5c989a74-8649-4b9a-a4a2-6d2b8ae2551c\u00bb text_font_size=\u00bb0.8vw\u00bb text_line_height=\u00bb2.2vh\u00bb header_4_font=\u00bbRoboto|700||on|||||\u00bb header_4_text_color=\u00bbrgba(255,255,255,0.5)\u00bb header_4_font_size=\u00bb0.6vw\u00bb header_4_letter_spacing=\u00bb3px\u00bb header_4_line_height=\u00bb2.2vh\u00bb custom_margin=\u00bb||0px||false|false\u00bb custom_margin_tablet=\u00bb30px||||false|false\u00bb custom_margin_phone=\u00bb20px||||false|false\u00bb custom_margin_last_edited=\u00bboff|desktop\u00bb text_font_size_tablet=\u00bb15px\u00bb text_font_size_phone=\u00bb14px\u00bb text_font_size_last_edited=\u00bbon|desktop\u00bb locked=\u00bboff\u00bb global_colors_info=\u00bb{}\u00bb]<\/p>\n<h4>Horario de atenci\u00f3n<\/h4>\n<p>[\/et_pb_text][et_pb_text _builder_version=\u00bb4.17.6&#8243; _module_preset=\u00bbc2a3d585-c259-4e5a-8faa-710c0e634348&#8243; text_font=\u00bbRoboto|500|||||||\u00bb text_text_color=\u00bb#FFFFFF\u00bb text_font_size=\u00bb0.8vw\u00bb text_line_height=\u00bb2.2vh\u00bb header_4_font_size=\u00bb0.6vw\u00bb header_4_line_height=\u00bb2.2vh\u00bb header_5_text_color=\u00bb#FFFFFF\u00bb header_5_line_height=\u00bb1.8em\u00bb text_font_size_tablet=\u00bb15px\u00bb text_font_size_phone=\u00bb14px\u00bb text_font_size_last_edited=\u00bbon|desktop\u00bb header_font_size_tablet=\u00bb55px\u00bb header_font_size_last_edited=\u00bboff|desktop\u00bb locked=\u00bboff\u00bb global_colors_info=\u00bb{}\u00bb]<\/p>\n<p>Lunes a Viernes: 8hs &#8211; 15hs<\/p>\n<p>[\/et_pb_text][\/et_pb_column][et_pb_column type=\u00bb1_4&#8243; _builder_version=\u00bb4.16&#8243; _module_preset=\u00bbdefault\u00bb background_color=\u00bb#F7827E\u00bb background_image=\u00bbhttps:\/\/institutosantacruz.edu.ar\/wp-content\/uploads\/2022\/08\/high-school_17.png\u00bb background_size=\u00bbinitial\u00bb background_position=\u00bbtop_right\u00bb background_repeat=\u00bbrepeat-y\u00bb custom_padding=\u00bb3vh||3vh|1vw|true|false\u00bb global_colors_info=\u00bb{}\u00bb][et_pb_text _builder_version=\u00bb4.17.6&#8243; _module_preset=\u00bb5c989a74-8649-4b9a-a4a2-6d2b8ae2551c\u00bb text_font_size=\u00bb0.8vw\u00bb text_line_height=\u00bb2.2vh\u00bb header_4_font=\u00bbRoboto|700||on|||||\u00bb header_4_text_color=\u00bbrgba(255,255,255,0.5)\u00bb header_4_font_size=\u00bb0.6vw\u00bb header_4_letter_spacing=\u00bb3px\u00bb header_4_line_height=\u00bb2.2vh\u00bb custom_margin=\u00bb||0px||false|false\u00bb text_font_size_tablet=\u00bb15px\u00bb text_font_size_phone=\u00bb14px\u00bb text_font_size_last_edited=\u00bbon|desktop\u00bb locked=\u00bboff\u00bb global_colors_info=\u00bb{}\u00bb]<\/p>\n<h4>Direcci\u00f3n<\/h4>\n<p>[\/et_pb_text][et_pb_text _builder_version=\u00bb4.18.0&#8243; _module_preset=\u00bbc2a3d585-c259-4e5a-8faa-710c0e634348&#8243; text_font=\u00bbRoboto|500|||||||\u00bb text_text_color=\u00bb#FFFFFF\u00bb text_font_size=\u00bb0.8vw\u00bb text_line_height=\u00bb2.2vh\u00bb header_4_font_size=\u00bb0.6vw\u00bb header_4_line_height=\u00bb2.2vh\u00bb header_5_text_color=\u00bb#FFFFFF\u00bb header_5_line_height=\u00bb1.8em\u00bb text_font_size_tablet=\u00bb15px\u00bb text_font_size_phone=\u00bb14px\u00bb text_font_size_last_edited=\u00bbon|desktop\u00bb header_font_size_tablet=\u00bb55px\u00bb header_font_size_last_edited=\u00bboff|desktop\u00bb locked=\u00bboff\u00bb global_colors_info=\u00bb{}\u00bb]<\/p>\n<p>24 de Noviembre 900 &#8211; C.A.B.A.<\/p>\n<p>Buenos Aires. &#8211; Argentina<\/p>\n<p>[\/et_pb_text][\/et_pb_column][et_pb_column type=\u00bb1_4&#8243; _builder_version=\u00bb4.18.0&#8243; _module_preset=\u00bbdefault\u00bb background_color=\u00bb#1F3FA8&#8243; background_image=\u00bbhttps:\/\/institutosantacruz.edu.ar\/wp-content\/uploads\/2022\/08\/high-school_17.png\u00bb background_size=\u00bbinitial\u00bb background_position=\u00bbtop_right\u00bb background_repeat=\u00bbrepeat-y\u00bb custom_padding=\u00bb3vh||3vh|1vw|true|false\u00bb global_colors_info=\u00bb{}\u00bb][et_pb_text _builder_version=\u00bb4.18.0&#8243; _module_preset=\u00bb5c989a74-8649-4b9a-a4a2-6d2b8ae2551c\u00bb text_font_size=\u00bb0.8vw\u00bb text_line_height=\u00bb2.2vh\u00bb header_4_font=\u00bbRoboto|700||on|||||\u00bb header_4_text_color=\u00bbrgba(255,255,255,0.5)\u00bb header_4_font_size=\u00bb0.6vw\u00bb header_4_line_height=\u00bb2.2vh\u00bb custom_margin=\u00bb0px||0px||false|false\u00bb custom_padding=\u00bb0px||0px||false|false\u00bb text_font_size_tablet=\u00bb15px\u00bb text_font_size_phone=\u00bb14px\u00bb text_font_size_last_edited=\u00bbon|desktop\u00bb locked=\u00bboff\u00bb global_colors_info=\u00bb{}\u00bb]<\/p>\n<h4>Email<\/h4>\n<p>[\/et_pb_text][et_pb_text _builder_version=\u00bb4.18.0&#8243; _module_preset=\u00bbc2a3d585-c259-4e5a-8faa-710c0e634348&#8243; text_font=\u00bbRoboto|500|||||||\u00bb text_text_color=\u00bb#FFFFFF\u00bb text_font_size=\u00bb0.8vw\u00bb text_line_height=\u00bb2.2vh\u00bb link_text_color=\u00bb#FFFFFF\u00bb header_5_text_color=\u00bb#FFFFFF\u00bb header_5_font_size=\u00bb0px\u00bb header_5_line_height=\u00bb0em\u00bb text_font_size_tablet=\u00bb15px\u00bb text_font_size_phone=\u00bb14px\u00bb text_font_size_last_edited=\u00bbon|desktop\u00bb header_font_size_tablet=\u00bb55px\u00bb header_font_size_last_edited=\u00bboff|desktop\u00bb locked=\u00bboff\u00bb global_colors_info=\u00bb{}\u00bb]<\/p>\n<p><a href=\"mailto:nivel.inicial@institutosantacruz.edu.ar\">nivel.inicial@institutosantacruz.edu.ar<\/a><\/p>\n<p><a href=\"mailto:nivel.primario@institutosantacruz.edu.ar\">nivel.primario@institutosantacruz.edu.ar<\/a><\/p>\n<p><a href=\"mailto:nivel.medio@institutosantacruz.edu.ar\">nivel.medio@institutosantacruz.edu.ar<\/a><\/p>\n<p><a href=\"mailto:administracion@instituto\">administracion@institutosantacruz.edu.ar<\/a><\/p>\n<p>[\/et_pb_text][\/et_pb_column][et_pb_column type=\u00bb1_4&#8243; _builder_version=\u00bb4.16&#8243; _module_preset=\u00bbdefault\u00bb background_color=\u00bb#62acac\u00bb background_image=\u00bbhttps:\/\/institutosantacruz.edu.ar\/wp-content\/uploads\/2022\/08\/high-school_17.png\u00bb background_size=\u00bbinitial\u00bb background_position=\u00bbtop_right\u00bb background_repeat=\u00bbrepeat-y\u00bb custom_padding=\u00bb3vh||3vh|1vw|true|false\u00bb global_colors_info=\u00bb{}\u00bb][et_pb_text _builder_version=\u00bb4.17.6&#8243; _module_preset=\u00bb5c989a74-8649-4b9a-a4a2-6d2b8ae2551c\u00bb text_font_size=\u00bb0.8vw\u00bb text_line_height=\u00bb2.2vh\u00bb header_4_font=\u00bbRoboto|700||on|||||\u00bb header_4_text_color=\u00bbrgba(255,255,255,0.5)\u00bb header_4_font_size=\u00bb0.6vw\u00bb header_4_letter_spacing=\u00bb3px\u00bb header_4_line_height=\u00bb2.2vh\u00bb custom_margin=\u00bb||0px||false|false\u00bb custom_margin_last_edited=\u00bboff|desktop\u00bb text_font_size_tablet=\u00bb15px\u00bb text_font_size_phone=\u00bb14px\u00bb text_font_size_last_edited=\u00bbon|desktop\u00bb locked=\u00bboff\u00bb global_colors_info=\u00bb{}\u00bb]<\/p>\n<h4>Tel\u00e9fono<\/h4>\n<p>[\/et_pb_text][et_pb_text _builder_version=\u00bb4.17.6&#8243; _module_preset=\u00bbc2a3d585-c259-4e5a-8faa-710c0e634348&#8243; text_font=\u00bbRoboto|500|||||||\u00bb text_text_color=\u00bb#FFFFFF\u00bb text_font_size=\u00bb0.8vw\u00bb text_line_height=\u00bb2.2vh\u00bb link_text_color=\u00bb#FFFFFF\u00bb header_4_font_size=\u00bb0.6vw\u00bb header_4_line_height=\u00bb2.2vh\u00bb header_5_text_color=\u00bb#FFFFFF\u00bb header_5_line_height=\u00bb1.8em\u00bb text_font_size_tablet=\u00bb15px\u00bb text_font_size_phone=\u00bb14px\u00bb text_font_size_last_edited=\u00bbon|desktop\u00bb header_font_size_tablet=\u00bb55px\u00bb header_font_size_last_edited=\u00bboff|desktop\u00bb locked=\u00bboff\u00bb global_colors_info=\u00bb{}\u00bb]<\/p>\n<p><span>+54 11 7700 2210<\/span><\/p>\n<p>[\/et_pb_text][\/et_pb_column][\/et_pb_row][\/et_pb_section]<\/p>\n","protected":false},"excerpt":{"rendered":"<p>Inscripciones 2027Nivel InicialSolicitar informaci\u00f3n aclarando para que sala desea la inscripci\u00f3n, los correos para su consulta son: sec_inicial@institutosantacruz.edu.ar nivel.inicial@institutosantacruz.edu.ar &nbsp;Nivel PrimarioEstimada familia: Se encuentra abierta la solicitud de inscripci\u00f3n para alumnos externos. Los datos consignados en este formulario tienen car\u00e1cter de declaraci\u00f3n jurada y ser\u00e1n tratados de forma confidencial. Les solicitamos completar todos los campos.A [&hellip;]<\/p>\n","protected":false},"author":4,"featured_media":0,"parent":0,"menu_order":0,"comment_status":"closed","ping_status":"closed","template":"page-template-blank.php","meta":{"_et_pb_use_builder":"on","_et_pb_old_content":"","_et_gb_content_width":"","footnotes":""},"class_list":["post-3840","page","type-page","status-publish","hentry"],"_links":{"self":[{"href":"https:\/\/institutosantacruz.edu.ar\/index.php?rest_route=\/wp\/v2\/pages\/3840","targetHints":{"allow":["GET"]}}],"collection":[{"href":"https:\/\/institutosantacruz.edu.ar\/index.php?rest_route=\/wp\/v2\/pages"}],"about":[{"href":"https:\/\/institutosantacruz.edu.ar\/index.php?rest_route=\/wp\/v2\/types\/page"}],"author":[{"embeddable":true,"href":"https:\/\/institutosantacruz.edu.ar\/index.php?rest_route=\/wp\/v2\/users\/4"}],"replies":[{"embeddable":true,"href":"https:\/\/institutosantacruz.edu.ar\/index.php?rest_route=%2Fwp%2Fv2%2Fcomments&post=3840"}],"version-history":[{"count":131,"href":"https:\/\/institutosantacruz.edu.ar\/index.php?rest_route=\/wp\/v2\/pages\/3840\/revisions"}],"predecessor-version":[{"id":5196,"href":"https:\/\/institutosantacruz.edu.ar\/index.php?rest_route=\/wp\/v2\/pages\/3840\/revisions\/5196"}],"wp:attachment":[{"href":"https:\/\/institutosantacruz.edu.ar\/index.php?rest_route=%2Fwp%2Fv2%2Fmedia&parent=3840"}],"curies":[{"name":"wp","href":"https:\/\/api.w.org\/{rel}","templated":true}]}}